 are the prime factors of 988594?
2, 103, 4799
List the prime factors of 404634.
2, 3, 17, 3967
List the prime factors of 2405156.
2, 13, 23, 2011
What are the prime factors of 98463?
3, 23, 1427
What are the prime factors of 63306?
2, 3, 3517
List the prime factors of 195800.
2, 5, 11, 89
List the prime factors of 9331215.
3, 5, 17, 23, 37, 43
List the prime factors of 8000916.
2, 3, 7, 11, 1237
List the prime factors of 505832.
2, 53, 1193
List the prime factors of 8107230.
2, 3, 5, 270241
What are the prime factors of 358103?
358103
What are the prime factors of 1103455?
5, 199, 1109
What are the prime factors of 310407?
3, 107, 967
What are the prime factors of 12891649?
12891649
What are the prime factors of 29463237?
3, 31, 35201
List the prime factors of 2442995.
5, 359, 1361
What are the prime factors of 48542?
2, 13, 1867
List the prime factors of 7581736.
2, 59, 16063
What are the prime factors of 58236?
2, 3, 23, 211
What are the prime factors of 327783?
3, 37, 2953
List the prime factors of 319613.
7, 45659
List the prime factors of 19789927.
2909, 6803
List the prime factors of 8906628.
2, 3, 742219
What are the prime factors of 385477?
269, 1433
What are the prime factors of 628512?
2, 3, 6547
List the prime factors of 26695.
5, 19, 281
What are the prime factors of 1789706?
2, 29, 59, 523
What are the prime factors of 669512?
2, 83689
List the prime factors of 5082487.
349, 14563
List the prime factors of 7649557.
7649557
List the prime factors of 312455.
5, 11, 13, 19, 23
List the prime factors of 10185726.
2, 3, 1697621
What are the prime factors of 785215?
5, 97, 1619
List the prime factors of 564026.
2, 17, 53, 313
What are the prime factors of 4028370?
2, 3, 5, 47, 2857
What are the prime factors of 1146991?
257, 4463
List the prime factors of 13625877.
3, 743, 6113
What are the prime factors of 6148310?
2, 5, 7, 87833
What are the prime factors of 1191650?
2, 5, 23833
What are the prime factors of 385263?
3, 19, 751
List the prime factors of 1025602.
2, 193, 2657
List the prime factors of 2883996.
2, 3, 80111
What are the prime factors of 120059?
211, 569
What are the prime factors of 5422411?
23, 431, 547
What are the prime factors of 1217835?
3, 5, 31, 97
What are the prime factors of 8597938?
2, 613, 7013
What are the prime factors of 1363290?
2, 3, 5, 29, 1567
List the prime factors of 195032.
2, 24379
List the prime factors of 409443.
3, 136481
What are the prime factors of 367336?
2, 17, 37, 73
List the prime factors of 5689131.
3, 7, 139, 1949
What are the prime factors of 21041566?
2, 7, 13, 115613
List the prime factors of 1332194.
2, 31, 21487
List the prime factors of 213877.
17, 23, 547
What are the prime factors of 3930341?
29, 313, 433
What are the prime factors of 1023097?
613, 1669
What are the prime factors of 266899?
266899
What are the prime factors of 305912?
2, 38239
What are the prime factors of 37453?
13, 43, 67
List the prime factors of 1021402.
2, 19, 26879
What are the prime factors of 699167?
7, 99881
What are the prime factors of 1170983?
11, 106453
What are the prime factors of 117305?
5, 29, 809
What are the prime factors of 7941722?
2, 1171, 3391
What are the prime factors of 2376354?
2, 3, 601, 659
What are the prime factors of 266582?
2, 41, 3251
What are the prime factors of 959747?
19, 50513
What are the prime factors of 568056?
2, 3, 23669
List the prime factors of 1038405.
3, 5, 37, 1871
What are the prime factors of 1785798?
2, 3, 7, 14173
What are the prime factors of 26432383?
127, 208129
What are the prime factors of 176103?
3, 17, 1151
What are the prime factors of 3080011?
11, 280001
What are the prime factors of 11307496?
2, 37, 38201
What are the prime factors of 2220135?
3, 5, 283, 523
What are the prime factors of 1370422?
2, 89, 7699
What are the prime factors of 6109845?
3, 5, 7, 58189
What are the prime factors of 14670859?
7, 2095837
List the prime factors of 1481339.
1481339
List the prime factors of 122141.
67, 1823
List the prime factors of 165831.
3, 167, 331
List the prime factors of 4172858.
2, 271, 7699
List the prime factors of 1753882.
2, 13, 5189
What are the prime factors of 29437840?
2, 5, 19, 107, 181
What are the prime factors of 1115996?
2, 7, 39857
What are the prime factors of 19616031?
3, 37, 58907
List the prime factors of 1504439.
19, 79181
List the prime factors of 5527510.
2, 5, 552751
What are the prime factors of 221778?
2, 3, 37
What are the prime factors of 1270962?
2, 3, 7, 11, 131
List the prime factors of 9400647.
3, 59, 173, 307
List the prime factors of 1243821.
3, 414607
What are the prime factors of 1660005?
3, 5, 37, 997
List the prime factors of 16549077.
3, 239, 23081
What are the prime factors of 184074?
2, 3, 11, 2789
What are the prime factors of 3179764?
2, 7, 19, 43, 139
List the prime factors of 11460616.
2, 1432577
List the prime factors of 95160.
2, 3, 5, 13, 61
What are the prime factors of 19974081?
3, 6658027
List the prime factors of 5609796.
2, 3, 17, 107, 257
List the prime factors of 217508.
2, 54377
List the prime factors of 628143.
3, 209381
List the prime factors of 333274.
2, 71, 2347
What are the prime factors of 7877379?
3, 31, 71, 1193
List the prime factors of 5213729.
1163, 4483
What are the prime factors of 28116?
2, 3, 11, 71
List the prime factors of 3310717.
3310717
What are the prime factors of 170180?
2, 5, 67, 127
List the prime factors of 11615920.
2, 5, 23, 59, 107
List the prime factors of 113818.
2, 56909
What are the prime factors of 310661?
13, 23, 1039
What are the prime factors of 1452466?
2, 41, 17713
List the prime factors of 13525517.
31, 436307
List the prime factors of 15558667.
1013, 15359
List the prime factors of 238316.
2, 13, 4583
List the prime factors of 98284.
2, 24571
List the prime factors of 12217302.
2, 3, 678739
List the prime factors of 111490.
2, 5, 11149
List the prime factors of 379789.
587, 647
List the prime factors of 2227189.
47, 47387
What are the prime factors of 5049556?
2, 73, 17293
What are the prime factors of 1170600?
2, 3, 5, 1951
List the prime factors of 297270.
2, 3, 5, 367
What are the prime factors of 4621807?
17, 19, 41, 349
What are the prime factors of 15399775?
5, 331, 1861
What are the prime factors of 100485?
3, 5, 7, 11, 29
List the prime factors of 597272.
2, 13, 5743
List the prime factors of 434054.
2, 217027
What are the prime factors of 369482?
2, 37, 4993
List the prime factors of 33260.
2, 5, 1663
List the prime factors of 4178852.
2, 59, 17707
What are the prime factors of 142505?
5, 11, 2591
What are the prime factors of 5063110?
2, 5, 13, 17, 29, 79
What are the prime factors of 314213?
314213
What are the prime factors of 3788718?
2, 3, 631453
List the prime factors of 72038.
2, 181, 199
What are the prime factors of 1294487?
197, 6571
What are the prime factors of 2479587?
3, 11, 29, 2591
List the prime factors of 6772559.
47, 103, 1399
List the prime factors of 580482.
2, 3, 7, 17, 271
What are the prime factors of 304500?
2, 3, 5, 7, 29
What are the prime factors of 16893417?
3, 607, 9277
List the prime factors of 196416.
2, 3, 11, 31
What are the prime factors of 417941?
417941
List the prime factors of 7525625.
5, 12041
What are the prime factors of 2298040?
2, 5, 73, 787
What are the prime factors of 7308228?
2, 3, 131, 4649
List the prime factors of 281136.
2, 3, 5857
What are the prime factors of 7658613?
3, 59, 14423
What are the prime factors of 10781063?
10781063
List the prime factors of 3336341.
3336341
What are the prime factors of 23178853?
23178853
List the prime factors of 136038.
2, 3, 7, 41, 79
List the prime factors of 993783.
3, 7, 37, 1279
What are the prime factors of 1142997?
3, 139, 2741
What are the prime factors of 734644?
2, 183661
List the prime factors of 4509427.
13, 26683
List the prime factors of 7222164.
2, 3, 563, 1069
List the prime factors of 15573119.
397, 39227
List the prime factors of 9777715.
5, 1955543
What are the prime factors of 7721051?
13, 257, 2311
What are the prime factors of 17324854?
2, 61, 142007
What are the prime factors of 394702?
2, 7, 11, 233
List the prime factors of 18699763.
37, 505399
List the prime factors of 11686120.
2, 5, 463, 631
List the prime factors of 245307.
3, 81769